s divided by 29909?
442
What is the remainder when 176326894 is divided by 2798839?
37
Calculate the remainder when 8580189 is divided by 144.
93
What is the remainder when 294099 is divided by 1364?
839
Calculate the remainder when 27716696 is divided by 1022.
56
Calculate the remainder when 1256823 is divided by 614.
579
Calculate the remainder when 302594950 is divided by 44.
42
What is the remainder when 26635508 is divided by 414?
404
What is the remainder when 3172681 is divided by 352516?
37
Calculate the remainder when 199701 is divided by 10510.
11
What is the remainder when 332989 is divided by 332159?
830
What is the remainder when 564878 is divided by 20920?
38
What is the remainder when 3185788 is divided by 109854?
22
Calculate the remainder when 15139829 is divided by 24942.
35
Calculate the remainder when 1731622 is divided by 216451.
14
Calculate the remainder when 1896407 is divided by 46.
11
Calculate the remainder when 3136163 is divided by 977.
970
Calculate the remainder when 13447 is divided by 201.
181
Calculate the remainder when 1304215 is divided by 1303482.
733
What is the remainder when 285384 is divided by 5189?
5178
Calculate the remainder when 252462 is divided by 1417.
236
Calculate the remainder when 34416 is divided by 6878.
26
Calculate the remainder when 116044 is divided by 5518.
166
Calculate the remainder when 73993 is divided by 24662.
7
Calculate the remainder when 332096 is divided by 25535.
141
What is the remainder when 16987633 is divided by 4246908?
1
Calculate the remainder when 44901126 is divided by 469.
4
Calculate the remainder when 2668605 is divided by 438.
309
What is the remainder when 2189655 is divided by 37?
32
What is the remainder when 6982 is divided by 10?
2
Calculate the remainder when 821117 is divided by 1310.
1057
What is the remainder when 99922803 is divided by 3578?
3575
What is the remainder when 1716668 is divided by 4729?
41
What is the remainder when 65614 is divided by 11555?
7839
What is the remainder when 239260 is divided by 239188?
72
What is the remainder when 1962711 is divided by 280334?
373
Calculate the remainder when 66387 is divided by 1753.
1526
Calculate the remainder when 26076 is divided by 8582.
330
Calculate the remainder when 18200 is divided by 1209.
65
What is the remainder when 6981926 is divided by 1745473?
34
Calculate the remainder when 520579 is divided by 173498.
85
Calculate the remainder when 19916554 is divided by 4979130.
34
What is the remainder when 54291222 is divided by 8?
6
Calculate the remainder when 15228474 is divided by 9.
6
What is the remainder when 21943252 is divided by 4828?
4820
Calculate the remainder when 734908 is divided by 14.
6
Calculate the remainder when 328506397 is divided by 160.
157
Calculate the remainder when 9383249 is divided by 580.
9
What is the remainder when 220758473 is divided by 72?
65
Calculate the remainder when 2641056 is divided by 146725.
6
What is the remainder when 1779540 is divided by 53?
12
What is the remainder when 116911 is divided by 22218?
5821
Calculate the remainder when 1315326 is divided by 14.
12
Calculate the remainder when 339464 is divided by 336477.
2987
Calculate the remainder when 2945033 is divided by 33090.
23
What is the remainder when 1227042 is divided by 63?
54
What is the remainder when 122695 is divided by 43?
16
Calculate the remainder when 219291317 is divided by 92411.
14
Calculate the remainder when 59215393 is divided by 3454.
17
What is the remainder when 25242 is divided by 11741?
1760
What is the remainder when 80702 is divided by 6914?
4648
What is the remainder when 19584612 is divided by 21334?
0
What is the remainder when 2052134 is divided by 3843?
3815
What is the remainder when 1771295 is divided by 790?
115
What is the remainder when 224288 is divided by 14011?
112
What is the remainder when 49932953 is divided by 3120806?
57
Calculate the remainder when 568183 is divided by 82.
5
What is the remainder when 974293 is divided by 2388?
2377
What is the remainder when 58764504 is divided by 2331?
2325
What is the remainder when 433089 is divided by 2341?
4
Calculate the remainder when 1769914 is divided by 39331.
19
Calculate the remainder when 17668089 is divided by 646.
635
Calculate the remainder when 164372 is divided by 879.
878
What is the remainder when 101279870 is divided by 1888?
1886
Calculate the remainder when 33168823 is divided by 28.
23
Calculate the remainder when 33437 is divided by 1430.
547
What is the remainder when 34335055 is divided by 3121367?
18
What is the remainder when 498556 is divided by 83090?
16
Calculate the remainder when 9699 is divided by 1773.
834
What is the remainder when 24208136 is divided by 277?
275
What is the remainder when 2749659 is divided by 5339?
74
Calculate the remainder when 212232355 is divided by 266.
265
Calculate the remainder when 99180 is divided by 99171.
9
Calculate the remainder when 1018804 is divided by 277.
275
Calculate the remainder when 11122982 is divided by 556142.
142
Calculate the remainder when 217824431 is divided by 112.
111
What is the remainder when 11084492 is divided by 146?
26
What is the remainder when 7873280 is divided by 1312212?
8
What is the remainder when 2082427 is divided by 19?
8
Calculate the remainder when 13206076 is divided by 30499.
9
Calculate the remainder when 210732 is divided by 52679.
16
What is the remainder when 924410 is divided by 308119?
53
Calculate the remainder when 15033607 is divided by 5760.
7
Calculate the remainder when 113335 is divided by 578.
47
What is the remainder when 1011388 is divided by 201910?
1838
Calculate the remainder when 66406856 is divided by 4150427.
24
Calculate the remainder when 54825207 is divided by 103.
58
Calculate the remainder when 1401434 is divided by 105.
104
Calculate the remainder when 1182743 is divided by 48.
23
Calculate the remainder when 17088769 is divided by 58.
55
Calculate the remainder when 203179 is divided by 2606.
2517
What is the remainder when 994060 is divided by 99405?
10
Calculate the remainder when 15628859 is divided by 780.
779
What is the remainder when 1701437 is divided by 45?
32
What is the remainder when 1404526 is divided by 113?
49
Calculate the remainder when 6183299 is divided by 2061095.
14
Calculate the remainder when 1321289 is divided by 94374.
53
Calculate the remainder when 220974 is divided by 1052.
54
Calculate the remainder when 971443 is divided by 323808.
19
Calculate the remainder when 177275 is divided by 160.
155
Calculate the remainder when 81622 is divided by 4289.
131
Calculate the remainder when 690768 is divided by 645.
618
What is the remainder when 8230116 is divided by 321?
318
What is the remainder when 207206 is divided by 51698?
414
What is the remainder when 35257 is divided by 634?
387
What is the remainder when 36303864 is divided by 88546?
4
What is the remainder when 10605722 is divided by 47?
31
What is the remainder when 8320505 is divided by 66564?
5
What is the remainder when 2066658742 is divided by 326?
324
Calculate the remainder when 752820 is divided by 258.
234
Calculate the remainder when 2515323 is divided by 1199.
1020
What is the remainder when 1137847 is divided by 7688?
23
Calculate the remainder when 919234 is divided by 1183.
43
Calculate the remainder when 2739251 is divided by 899.
897
Calculate the remainder when 116343 is divided by 1021.
970
Calculate the remainder when 16589962 is divided by 10.
2
Calculate the remainder when 2518585 is divided by 34501.
12
What is the remainder when 33188 is divided by 1288?
988
What is the remainder when 533623 is divided by 692?
91
What is the remainder when 16516117 is divided by 3164?
37
What is the remainder when 63751052 is divided by 356?
352
What is the remainder when 12637660 is divided by 1263765?
10
What is the remainder when 254319 is divided by 263?
261
What is the remainder when 8588 is divided by 3753?
1082
What is the remainder when 337337 is divided by 438?
77
Calculate the remainder when 3524305 is divided by 21890.
15
Calculate the remainder when 51337 is divided by 699.
310
Calculate the remainder when 170347 is divided by 28299.
553
What is the remainder when 1374519 i